when 592148 is divided by 298.
22
Calculate the remainder when 159086 is divided by 4487.
2041
What is the remainder when 104717 is divided by 13083?
53
What is the remainder when 50680636 is divided by 874?
872
What is the remainder when 66861985 is divided by 59?
58
Calculate the remainder when 156253 is divided by 2115.
1858
What is the remainder when 1591823 is divided by 59?
3
What is the remainder when 60560 is divided by 5476?
324
What is the remainder when 2674883 is divided by 12049?
5
Calculate the remainder when 475533 is divided by 47543.
103
Calculate the remainder when 8809322 is divided by 25.
22
What is the remainder when 234617 is divided by 13403?
6766
What is the remainder when 725438 is divided by 80531?
659
What is the remainder when 829859 is divided by 20?
19
What is the remainder when 18034192 is divided by 58?
20
Calculate the remainder when 965683 is divided by 321864.
91
What is the remainder when 17059007 is divided by 12133?
9
What is the remainder when 4406926 is divided by 2203457?
12
Calculate the remainder when 150449 is divided by 21489.
26
Calculate the remainder when 968045 is divided by 4068.
3929
Calculate the remainder when 52262253 is divided by 4355185.
33
What is the remainder when 375597 is divided by 7247?
6000
Calculate the remainder when 8051325 is divided by 23.
14
Calculate the remainder when 6431796 is divided by 7243.
12
What is the remainder when 968458 is divided by 69152?
330
What is the remainder when 4310398 is divided by 270?
118
Calculate the remainder when 70072566 is divided by 2443.
2440
What is the remainder when 2520270 is divided by 1260124?
22
What is the remainder when 22673448 is divided by 65720?
48
What is the remainder when 36733 is divided by 7225?
608
Calculate the remainder when 1635830 is divided by 61.
54
Calculate the remainder when 13668428 is divided by 1790.
1778
Calculate the remainder when 1450045 is divided by 15.
10
Calculate the remainder when 596966 is divided by 39796.
26
What is the remainder when 82386 is divided by 1027?
226
What is the remainder when 727674 is divided by 382?
346
Calculate the remainder when 206829699 is divided by 18.
15
Calculate the remainder when 274407 is divided by 8551.
775
Calculate the remainder when 227050 is divided by 179.
78
What is the remainder when 13540364 is divided by 764?
756
What is the remainder when 247082 is divided by 2747?
2599
What is the remainder when 918074 is divided by 138?
98
Calculate the remainder when 348662951 is divided by 2582.
2581
What is the remainder when 734699 is divided by 4680?
4619
Calculate the remainder when 1537797 is divided by 459.
147
What is the remainder when 281580 is divided by 195?
0
What is the remainder when 29835 is divided by 5483?
2420
Calculate the remainder when 28210 is divided by 2535.
325
What is the remainder when 26136 is divided by 4350?
36
Calculate the remainder when 779950 is divided by 5198.
250
Calculate the remainder when 238579 is divided by 2911.
2788
What is the remainder when 1830391 is divided by 16?
7
What is the remainder when 108849 is divided by 2220?
69
Calculate the remainder when 2593192 is divided by 454.
398
What is the remainder when 71292153 is divided by 53?
51
What is the remainder when 3098243 is divided by 1661?
478
What is the remainder when 1759798 is divided by 7425?
73
What is the remainder when 97053 is divided by 5107?
20
Calculate the remainder when 73511 is divided by 5652.
35
What is the remainder when 25677241 is divided by 5?
1
What is the remainder when 19571268 is divided by 7?
3
What is the remainder when 119460 is divided by 3142?
64
Calculate the remainder when 23318656 is divided by 39.
10
What is the remainder when 274740 is divided by 710?
680
What is the remainder when 728310 is divided by 30341?
126
Calculate the remainder when 3743019 is divided by 2497.
16
What is the remainder when 5855825 is divided by 372?
173
Calculate the remainder when 1011778 is divided by 7550.
78
Calculate the remainder when 61594477 is divided by 6211.
6201
Calculate the remainder when 772731 is divided by 191.
136
What is the remainder when 9657558 is divided by 87?
36
Calculate the remainder when 158153 is divided by 267.
89
Calculate the remainder when 1017703 is divided by 29077.
8
Calculate the remainder when 35572023 is divided by 529.
476
What is the remainder when 2057638 is divided by 508?
238
Calculate the remainder when 2759943 is divided by 674.
587
What is the remainder when 3037910 is divided by 444?
62
What is the remainder when 805999 is divided by 53732?
19
What is the remainder when 1398683 is divided by 3832?
3
Calculate the remainder when 24063989 is divided by 15.
14
Calculate the remainder when 40967673 is divided by 13655883.
24
What is the remainder when 15872181 is divided by 5290666?
183
Calculate the remainder when 1950089 is divided by 18056.
41
What is the remainder when 455946327 is divided by 5927?
5925
What is the remainder when 2146247 is divided by 1901?
18
What is the remainder when 9285229 is divided by 386?
385
Calculate the remainder when 9170525 is divided by 245.
175
What is the remainder when 2206981 is divided by 1257?
946
What is the remainder when 618378 is divided by 1483?
1450
What is the remainder when 6137057 is divided by 10920?
17
Calculate the remainder when 8264172 is divided by 32.
12
Calculate the remainder when 8245303 is divided by 2061316.
39
Calculate the remainder when 674600 is divided by 419.
10
Calculate the remainder when 206678 is divided by 156.
134
Calculate the remainder when 314484 is divided by 1757.
1738
What is the remainder when 69433 is divided by 34664?
105
What is the remainder when 100512 is divided by 2225?
387
Calculate the remainder when 2000756 is divided by 1206.
2
Calculate the remainder when 3372241 is divided by 102.
19
Calculate the remainder when 5970647 is divided by 1990191.
74
Calculate the remainder when 46925 is divided by 11092.
2557
What is the remainder when 524168 is divided by 647?
98
Calculate the remainder when 1496501 is divided by 259.
258
What is the remainder when 1049520 is divided by 1307?
1306
What is the remainder when 21638960 is divided by 141?
113
Calculate the remainder when 63768777 is divided by 12.
9
What is the remainder when 704551145 is divided by 10?
5
Calculate the remainder when 11622392 is divided by 942.
938
Calculate the remainder when 762853 is divided by 69284.
729
Calculate the remainder when 1281328 is divided by 320324.
32
What is the remainder when 62947584 is divided by 121?
117
Calculate the remainder when 12920860 is divided by 484.
480
What is the remainder when 599027199 is divided by 18?
15
Calculate the remainder when 63990 is divided by 247.
17
Calculate the remainder when 1714497 is divided by 125.
122
What is the remainder when 22407 is divided by 2686?
919
Calculate the remainder when 59057552 is divided by 50219.
8
What is the remainder when 357676275 is divided by 31505?
10
Calculate the remainder when 356993 is divided by 88.
65
Calculate the remainder when 1084454 is divided by 485.
479
Calculate the remainder when 25494804 is divided by 127474.
4
What is the remainder when 2133174 is divided by 177757?
90
Calculate the remainder when 61666857 is divided by 2588.
2581
Calculate the remainder when 21223756 is divided by 52019.
4
Calculate the remainder when 7818010 is divided by 78.
70
What is the remainder when 3804827 is divided by 46?
29
What is the remainder when 803704 is divided by 65?
44
What is the remainder when 5249 is divided by 160?
129
What is the remainder when 1520540 is divided by 1243?
351
What is the remainder when 714193 is divided by 714122?
71
What is the remainder when 53050926 is divided by 198?
192
What is the remainder when 57502 is divided by 1127?
25
Calculate the remainder when 380581 is divided by 2996.
89
Calculate the remainder when 21773939 is divided by 255.
254
What is the remainder when 18778219 is divided by 441?
439
What is the remainder when 5883286 is divided by 232?
230
What is the remainder when 879226 is divided by 109887?
130
What is the remainder when 624850 is divided by 62480?
50
Calculate the remainder when 2096485 is divided by 174699.
97
What is the re